s(-7) is divided by n?
13
Suppose -21*y + 563 = -130. What is the remainder when 64 is divided by y?
31
Let a = 3 + -2. Let r(b) = 21*b + 174. Let q be r(-4). Calculate the remainder when 131 is divided by a + q/3 + 2.
32
Suppose 0*u - 2*u = 6. Let m(d) = 110*d**2 + 6 + 116*d**2 + 0*d - 216*d**2 - d. What is the remainder when m(u) is divided by 25?
24
Let o = 7 - 3. Suppose -5*x + 2*v = 23, 0*x + o*v - 19 = x. Calculate the remainder when x*100/(-6) - 1 is divided by 25.
24
Suppose -10*h - 13 = -103. What is the remainder when 31 is divided by h?
4
Suppose 6*f = 106 + 50. Suppose 5*t - 21 = -4*b + f, -4*t + 4 = -b. Calculate the remainder when 21 is divided by b.
5
Let n(s) = s**2 + 4*s + 5. Suppose -13 = -5*v + 62. Suppose -2*y = 3*q - 15, 4*y = q - v - 4. Calculate the remainder when n(-7) is divided by q.
5
Let m = 213 - 201. What is the remainder when m is divided by 8?
4
Suppose -3*g - 4*b + 2387 = 0, 9*g - 6*g = 5*b + 2342. What is the remainder when g is divided by 88?
85
Let b(d) = -d**2 + 4*d - 1. Let v be b(2). Suppose 0 = 4*u - v*u + 3*j - 40, -2*u - 3*j = -83. Calculate the remainder when u is divided by 22.
21
Suppose 3*a + 3*f = 75 + 135, 0 = 5*a + 4*f - 351. What is the remainder when a is divided by 15?
11
Suppose 5*j - 24 = 1. Suppose -4*f + 93 - j = 0. Let b(p) = -10*p - 35. Calculate the remainder when b(-12) is divided by f.
19
Let x be (48/(-5))/((-38)/(-285)). Let j = x + 163. What is the remainder when j is divided by 19?
15
Suppose -3*d - 2*d + 80 = 0. Let z be (-3)/(-2) + (-15)/(-6). Suppose 2*r - 9 - 47 = -m, 3*r - 239 = -z*m. Calculate the remainder when m is divided by d.
14
Let j = -68 + 223. Suppose -j = -2*t - 3*m, -4*m = -0*t - 3*t + 241. Calculate the remainder when t is divided by 16.
15
Let v(d) = -d**2 + 22*d + 60. What is the remainder when 83 is divided by v(24)?
11
Suppose 5*b - 55 = 5*l, -4*l - 38 = -3*b - 3. What is the remainder when 139 is divided by b?
4
What is the remainder when (0 + 1)/((-2)/(-358)) is divided by 13?
10
Calculate the remainder when 447 is divided by ((-24)/20)/(18/(-150)).
7
Suppose -11*c + 22*c - 143 = 0. What is the remainder when 138 is divided by c?
8
Suppose 0 = 21*f + 106 - 400. What is the remainder when 30 is divided by f?
2
Let c = 14 - -44. What is the remainder when c is divided by 12?
10
Suppose -5*t + 5*o = -25, 2*t - 20 = 3*t + 4*o. Suppose 38*p - 68 = 8. What is the remainder when 2 + (4 - (t + -1)) is divided by p?
1
Let v = -628 - -689. Calculate the remainder when 297 is divided by v.
53
What is the remainder when 295 is divided by (-1 - -21)*(-112 - -113)?
15
Let c = 446 + -428. Calculate the remainder when 43 is divided by c.
7
Let k(o) = 10*o**2 + 29*o - 8. Let r be k(4). Suppose 407 = 15*b - r. Calculate the remainder when 269 is divided by b.
44
Let u(n) be the third derivative of 7*n**5/60 - n**4/4 + n**3/3 + 9*n**2. Calculate the remainder when u(2) is divided by 5.
3
What is the remainder when 125 is divided by 232/87*102/8?
23
Let r(v) = 9*v**2 - v. What is the remainder when r(2) is divided by (0 + -2 + 5)*1 - -4?
6
Let j = 362 - 228. What is the remainder when j is divided by 9?
8
Let q be (0 - -24)*208/12. Suppose 3*x + q = -x. Let h = x - -150. What is the remainder when h is divided by 16?
14
Let h = -64 + 80. Let p = 261 - 184. What is the remainder when p is divided by h?
13
What is the remainder when 52 is divided by 1383/51 + (-4 - 132/(-34))?
25
Let l be ((-20)/(-6))/(5/(-43 - 2)). What is the remainder when 20 is divided by (-100)/l - (-1)/(-3)?
2
Let n be -4 + (-3 - (-22)/2). Suppose -n*t + 25 = t. What is the remainder when 6 is divided by t?
1
Let a(x) = 35*x + 1. Let g be a(1). Suppose -3*s + 5*m = -g - 65, s + m = 23. Calculate the remainder when s is divided by ((-4)/(-6))/(3/45).
7
Let n = 904 + -886. What is the remainder when 159 is divided by n?
15
Suppose -t - 18 = -3*t. Let h(j) = j**3 - 8*j**2 - 8*j. What is the remainder when h(t) is divided by (3/(-3) - 0)*-3?
0
Let h(y) = 42*y**3 + 7*y**2 - 14*y + 4. What is the remainder when h(2) is divided by 113?
1
Let l be (-2 + -2)/2 + 7. Suppose -l*u + 55 = -40. Suppose -n + 3*n - 74 = 0. Calculate the remainder when n is divided by u.
18
Let x = -22 + 16. Let m(b) = -3*b + 2. Calculate the remainder when 1/(-2)*x - -23 is divided by m(-4).
12
Suppose 0 = 2*f + 5*a - 25, 5*f - f = a + 17. Calculate the remainder when 3*f/(-3) + 54 is divided by 17.
15
What is the remainder when 16 is divided by (-627)/(-77) + ((-78)/(-42) - 2)?
0
Suppose 4*j - 2*j = o + 79, -136 = -3*j + 5*o. Suppose 4*d - j - 7 = 0. Calculate the remainder when d is divided by -14*((-1)/(-5))/((-2)/5).
4
Let r(q) = -q**3 - 3*q**2 - q + 5. Calculate the remainder when (-3)/(-9) + (-10)/(-15) + 95 is divided by r(-4).
21
Let n(x) = -x**2 - 25*x + 5. Let o = -13 - -30. Calculate the remainder when o is divided by n(-25).
2
Suppose t - 9 = x - 3, 3*x - 6 = -3*t. Let m(a) = 3*a**2 - 2. Calculate the remainder when m(-2) is divided by x + 10*3/6.
1
Suppose -4*j + 2*v = -26, 2*j + 5*v - 35 + 4 = 0. Suppose u - b = 8, -j = -3*u - b - 0*b. Let o = u - 3. Calculate the remainder when 1 is divided by o.
0
Let l = -15 + 17. Suppose 4*c - 8 = 2*u + 20, c - l*u = 7. Let j(b) = 28*b**2 + b. Calculate the remainder when j(-1) is divided by c.
6
Let t(l) = 82*l**3 + 15*l**2 - 19*l + 3. Let d(n) = 7*n**2 + n - 2. Let p be d(2). What is the remainder when t(1) is divided by 2/((-26)/p + 1)?
25
Suppose -1188 = -a - 5*a. Suppose -4*z = -2*w - w + 195, 5*z + a = 3*w. Calculate the remainder when w is divided by 23.
15
Let o(d) = d**3 - 10*d**2 - 18*d - 15. Let f = 34 - 13. What is the remainder when o(12) is divided by f?
15
Let y(p) = -16*p - 318. What is the remainder when y(-27) is divided by 84?
30
Let z be 2/(-1) + -135 + (-12)/3. Let l = -111 - z. What is the remainder when l is divided by 15?
0
Let g = -574 - -614. What is the remainder when 315 is divided by g?
35
Let g be -37 + 1 + 1 + -3. Let y = 82 + g. Suppose -2*t - t + i = -y, -4*t + 55 = -5*i. What is the remainder when 59 is divided by t?
14
Let v = 10 + -15. What is the remainder when 63 is divided by (-2)/(-10) - 64/v?
11
Let j be (-16)/(-40) - -1*356/10. Let n = j - 2. What is the remainder when 100 is divided by n?
32
What is the remainder when -4 - 170*(-108)/24 is divided by 13?
7
Let z = -5 - -25. Suppose 475 = 18*f - 1271. Calculate the remainder when f is divided by z.
17
Suppose 2*a - 5*a + 39 = 0. Suppose a = f - 5. Suppose 0 = t - 3*g - 11, 2*t - 4*g - f = -2. Calculate the remainder when 2 is divided by t.
0
Suppose 0 = -0*y - 18*y + 11682. What is the remainder when y is divided by 13?
12
Suppose 0 = -p - 2*d + 28 + 23, 0 = 4*p + 5*d - 198. What is the remainder when p is divided by 4/((15/20)/(27/6))?
23
Suppose -5*w = -h - h - 5, -10 = 5*w - 5*h. Suppose m - 27 = -r, 0 = 2*r + w*m + 4 - 60. What is the remainder when 98 is divided by r?
23
Suppose 2*m = -n + 131, 3*n - 2*m = 5*n - 256. Suppose -w + 52 = -4*o, 3*w - 40 = 2*o + 66. What is the remainder when n is divided by w?
29
Suppose 121 = 4*g + 2*p - 9, g = -p + 34. Calculate the remainder when g is divided by 22.
9
Suppose -81*x + 33*x = -11520. What is the remainder when x is divided by 35?
30
Let t = 597 + 40. Suppose 13*r = 26*r - t. Calculate the remainder when r is divided by 13.
10
Let z be 2/3 - (-242)/6. Let a = -27 + z. Calculate the remainder when 40 is divided by a.
12
Let q(j) = -j**2 - 6*j - 3. Let x be q(7). Let c = x - -100. Calculate the remainder when c is divided by 3.
0
Suppose 0 = -3*p + 65 + 55. Let v(s) = -s**3 - 2*s**2 + 6*s + 6. What is the remainder when p is divided by v(-4)?
12
Let l = -226 - -150. Let j = -44 - l. Let g(u) = u**2 + u + 1. Calculate the remainder when j is divided by g(-3).
4
Suppose -3*b - 8 = -50. Let j be -11 - -9 - 4/(-1). What is the remainder when (3 + j)*(4 - -1) is divided by b?
11
Suppose -5*w + 4*m + 131 = 0, 5*w - 2*m - 130 = 3*m. Let r = w - 0. Calculate the remainder when r is divided by 14.
13
Let a = -200 + 336. Suppose 2*d + 2*d - 136 = -4*c, 2*c - a = -4*d. What is the remainder when d is divided by 19?
15
Let j(n) = -7*n**2 - n**3 + 3*n**2 - 1 + 7*n**2 + 3*n. Calculate the remainder when j(3) is divided by 5.
3
Suppose -3*r = -0*r + 6. Sup